ime factors of 316637943?
3, 449, 235069
What are the prime factors of 795589771?
795589771
What are the prime factors of 55672821?
3, 653, 9473
What are the prime factors of 1194224882?
2, 173, 3451517
List the prime factors of 451292952.
2, 3, 11, 1709443
List the prime factors of 6758773178.
2, 97, 587, 59351
What are the prime factors of 48861600?
2, 3, 5, 20359
What are the prime factors of 797335955?
5, 13, 17, 721571
What are the prime factors of 372067769?
593, 627433
List the prime factors of 1134068978.
2, 7, 81004927
List the prime factors of 481161276.
2, 3, 1433, 3109
What are the prime factors of 2755925301?
3, 17, 54037751
List the prime factors of 782657928.
2, 3, 13, 131, 491
List the prime factors of 12802582.
2, 13, 23, 79, 271
List the prime factors of 54127525.
5, 239, 9059
What are the prime factors of 5962859?
7, 73, 1667
What are the prime factors of 444486541?
444486541
List the prime factors of 50137142.
2, 11, 2278961
What are the prime factors of 1669073263?
11, 13, 31, 376511
List the prime factors of 170437731.
3, 56812577
What are the prime factors of 1610828304?
2, 3, 33558923
List the prime factors of 3087079593.
3, 13, 79155887
List the prime factors of 1104847604.
2, 7, 39458843
What are the prime factors of 913405361?
11, 1871, 44381
List the prime factors of 825538285.
5, 11, 13, 181, 6379
List the prime factors of 495418925.
5, 19816757
List the prime factors of 506099636.
2, 7, 23, 131, 857
What are the prime factors of 49882111?
137, 364103
What are the prime factors of 30759451?
53, 547, 1061
What are the prime factors of 129336341?
129336341
List the prime factors of 97676772.
2, 3, 163, 49937
List the prime factors of 54230898.
2, 3, 9038483
List the prime factors of 4512007059.
3, 7, 214857479
List the prime factors of 14907472.
2, 139, 6703
List the prime factors of 1471076194.
2, 7, 89, 367, 3217
What are the prime factors of 974202422?
2, 487101211
List the prime factors of 41593222.
2, 11, 1890601
What are the prime factors of 238150108?
2, 7, 8505361
List the prime factors of 126619414.
2, 67, 109, 8669
List the prime factors of 1106375100.
2, 3, 5, 1747, 2111
What are the prime factors of 52516606?
2, 26258303
What are the prime factors of 2231130265?
5, 7, 13, 109, 44987
What are the prime factors of 791576534?
2, 7, 56541181
What are the prime factors of 11335136?
2, 23, 15401
What are the prime factors of 993280962?
2, 3, 137, 1208371
List the prime factors of 35487655.
5, 7, 1013933
What are the prime factors of 124281524?
2, 43, 71, 10177
List the prime factors of 376642750.
2, 5, 11, 12451
List the prime factors of 2274099277.
47, 3511, 13781
What are the prime factors of 2844440344?
2, 5051, 70393
List the prime factors of 110892915.
3, 5, 7, 43, 2729
What are the prime factors of 89113841?
89113841
What are the prime factors of 37569274?
2, 18784637
List the prime factors of 252994580.
2, 5, 12649729
List the prime factors of 58540717.
197, 297161
What are the prime factors of 1229955679?
41, 101, 297019
List the prime factors of 29595902.
2, 7, 301999
What are the prime factors of 98336881?
103, 954727
What are the prime factors of 443397919?
443397919
What are the prime factors of 329113717?
17627, 18671
What are the prime factors of 187972811?
13, 14459447
List the prime factors of 394234508.
2, 98558627
List the prime factors of 30951819.
3, 3439091
What are the prime factors of 6801044527?
977, 6961151
What are the prime factors of 409800?
2, 3, 5, 683
What are the prime factors of 3787454220?
2, 3, 5, 11, 211, 27197
What are the prime factors of 290643113?
290643113
What are the prime factors of 9516503?
23, 89, 4649
What are the prime factors of 108746931?
3, 36248977
List the prime factors of 27239990.
2, 5, 29, 41, 79
List the prime factors of 90624663.
3, 372941
List the prime factors of 22726534.
2, 31, 67, 5471
List the prime factors of 78119020.
2, 5, 7, 743, 751
List the prime factors of 3079519837.
3079519837
What are the prime factors of 1960667564?
2, 490166891
List the prime factors of 37910048.
2, 11, 107699
What are the prime factors of 574695655?
5, 37, 71, 43753
List the prime factors of 104637911.
7, 14948273
List the prime factors of 140987922.
2, 3, 23497987
List the prime factors of 451247252.
2, 17, 1933, 3433
What are the prime factors of 58683938?
2, 29341969
What are the prime factors of 831341?
7, 113, 1051
List the prime factors of 820729745.
5, 11, 37, 47, 8581
What are the prime factors of 1264579880?
2, 5, 3433, 9209
What are the prime factors of 187103336?
2, 7, 19, 41, 4289
What are the prime factors of 55976474?
2, 27988237
List the prime factors of 1942845953.
919, 2114087
What are the prime factors of 21141559?
21141559
List the prime factors of 485150715.
3, 5, 7, 29, 281
List the prime factors of 50271260.
2, 5, 13, 239, 809
What are the prime factors of 261379407?
3, 29, 3004361
List the prime factors of 2241533186.
2, 37, 30290989
List the prime factors of 38584438.
2, 257, 271, 277
What are the prime factors of 1454681482?
2, 727340741
What are the prime factors of 33878690?
2, 5, 3387869
What are the prime factors of 28932724?
2, 7233181
List the prime factors of 502183150.
2, 5, 7, 23, 62383
What are the prime factors of 2031034830?
2, 3, 5, 11, 19, 227, 1427
List the prime factors of 1215953922.
2, 3, 67, 419, 7219
What are the prime factors of 1889829937?
23, 82166519
List the prime factors of 425132521.
11, 38648411
What are the prime factors of 1523707124?
2, 997, 382073
List the prime factors of 3806067223.
7, 439, 1238551
What are the prime factors of 243664885?
5, 1201, 40577
What are the prime factors of 49919608?
2, 757, 8243
What are the prime factors of 496265291?
496265291
What are the prime factors of 765649209?
3, 13, 19632031
What are the prime factors of 1719518929?
179, 9606251
List the prime factors of 1081609991.
7, 11, 3163, 4441
What are the prime factors of 132473350?
2, 5, 17, 155851
What are the prime factors of 502265366?
2, 67, 1249, 3001
List the prime factors of 28045721.
11, 2549611
List the prime factors of 2066595455.
5, 413319091
What are the prime factors of 6467700?
2, 3, 5, 21559
List the prime factors of 57726444.
2, 3, 443, 10859
List the prime factors of 5970883192.
2, 1123, 664613
What are the prime factors of 48484885?
5, 67, 144731
What are the prime factors of 35163175?
5, 163, 8629
List the prime factors of 108315298.
2, 7, 13, 595139
List the prime factors of 14139516.
2, 3, 73, 16141
What are the prime factors of 1160359690?
2, 5, 7, 61, 38821
List the prime factors of 71436904.
2, 7, 11, 16567
What are the prime factors of 1146013296?
2, 3, 43, 233, 2383
What are the prime factors of 75638001?
3, 73, 345379
What are the prime factors of 269202221?
523, 547, 941
What are the prime factors of 4994894499?
3, 7, 31, 107, 71707
List the prime factors of 176983484.
2, 97, 349, 1307
What are the prime factors of 120482695?
5, 24096539
What are the prime factors of 19086425?
5, 763457
List the prime factors of 547990171.
59, 577, 16097
List the prime factors of 8493426414.
2, 3, 11, 42896093
What are the prime factors of 98011123?
7, 2000227
What are the prime factors of 412837214?
2, 17, 29, 418699
What are the prime factors of 38651034?
2, 3, 6441839
What are the prime factors of 1313885827?
337, 3898771
List the prime factors of 1274413649.
1274413649
What are the prime factors of 1552569701?
2141, 725161
What are the prime factors of 197907158?
2, 109, 907831
What are the prime factors of 115366045?
5, 23, 587, 1709
What are the prime factors of 7225556707?
719, 10049453
What are the prime factors of 881588845?
5, 103, 241, 7103
What are the prime factors of 16647272?
2, 89, 103, 227
What are the prime factors of 1447622018?
2, 1637, 442157
List the prime factors of 109230235.
5, 21846047
What are the prime factors of 157136698?
2, 47, 593, 2819
List the prime factors of 335258172.
2, 3, 9312727
List the prime factors of 3697435160.
2, 5, 37, 239, 10453
List the prime factors of 126100189.
71, 733, 2423
What are the prime factors of 202205997?
3, 7, 152839
List the prime factors of 48087609.
3, 16029203
List the prime factors of 39479493.
3, 13159831
What are the prime factors of 41391373?
4139